ded by 421.
17
Calculate the remainder when 207 is divided by 125.
82
What is the remainder when 90 is divided by 75?
15
What is the remainder when 158 is divided by 29?
13
What is the remainder when 134 is divided by 72?
62
Calculate the remainder when 177 is divided by 42.
9
Calculate the remainder when 193 is divided by 173.
20
Calculate the remainder when 212 is divided by 92.
28
What is the remainder when 1305 is divided by 23?
17
What is the remainder when 65 is divided by 19?
8
What is the remainder when 5759 is divided by 60?
59
What is the remainder when 1133 is divided by 17?
11
What is the remainder when 206 is divided by 11?
8
What is the remainder when 133 is divided by 53?
27
Calculate the remainder when 2573 is divided by 28.
25
Calculate the remainder when 6757 is divided by 24.
13
Calculate the remainder when 791 is divided by 53.
49
What is the remainder when 6271 is divided by 196?
195
Calculate the remainder when 181 is divided by 161.
20
What is the remainder when 38 is divided by 8?
6
What is the remainder when 13051 is divided by 35?
31
Calculate the remainder when 68 is divided by 19.
11
Calculate the remainder when 1078 is divided by 23.
20
What is the remainder when 692 is divided by 7?
6
Calculate the remainder when 127 is divided by 25.
2
Calculate the remainder when 583 is divided by 129.
67
Calculate the remainder when 86 is divided by 7.
2
What is the remainder when 729 is divided by 141?
24
Calculate the remainder when 2459 is divided by 42.
23
What is the remainder when 466 is divided by 12?
10
Calculate the remainder when 588 is divided by 31.
30
What is the remainder when 3265 is divided by 9?
7
Calculate the remainder when 637 is divided by 10.
7
What is the remainder when 753 is divided by 14?
11
What is the remainder when 89 is divided by 12?
5
Calculate the remainder when 682 is divided by 57.
55
What is the remainder when 309 is divided by 39?
36
Calculate the remainder when 1175 is divided by 49.
48
Calculate the remainder when 1017 is divided by 12.
9
Calculate the remainder when 1426 is divided by 282.
16
What is the remainder when 127 is divided by 61?
5
What is the remainder when 582 is divided by 13?
10
What is the remainder when 16251 is divided by 16?
11
What is the remainder when 4015 is divided by 1336?
7
Calculate the remainder when 1135 is divided by 30.
25
What is the remainder when 27 is divided by 2?
1
What is the remainder when 285 is divided by 12?
9
What is the remainder when 1963 is divided by 131?
129
What is the remainder when 227 is divided by 24?
11
What is the remainder when 136 is divided by 40?
16
Calculate the remainder when 298 is divided by 43.
40
Calculate the remainder when 670 is divided by 7.
5
What is the remainder when 172 is divided by 48?
28
What is the remainder when 1579 is divided by 31?
29
Calculate the remainder when 700 is divided by 60.
40
What is the remainder when 237 is divided by 49?
41
What is the remainder when 2255 is divided by 328?
287
What is the remainder when 1388 is divided by 34?
28
Calculate the remainder when 168 is divided by 26.
12
Calculate the remainder when 231 is divided by 29.
28
Calculate the remainder when 4606 is divided by 37.
18
What is the remainder when 6997 is divided by 70?
67
Calculate the remainder when 686 is divided by 115.
111
What is the remainder when 1738 is divided by 241?
51
What is the remainder when 484 is divided by 159?
7
What is the remainder when 260 is divided by 22?
18
Calculate the remainder when 81 is divided by 41.
40
Calculate the remainder when 264 is divided by 65.
4
Calculate the remainder when 300 is divided by 82.
54
Calculate the remainder when 3239 is divided by 17.
9
Calculate the remainder when 934 is divided by 59.
49
Calculate the remainder when 1888 is divided by 70.
68
Calculate the remainder when 911 is divided by 12.
11
What is the remainder when 1725 is divided by 862?
1
What is the remainder when 487 is divided by 8?
7
Calculate the remainder when 97 is divided by 55.
42
What is the remainder when 83 is divided by 20?
3
What is the remainder when 306 is divided by 53?
41
Calculate the remainder when 450 is divided by 90.
0
Calculate the remainder when 541 is divided by 99.
46
Calculate the remainder when 1071 is divided by 153.
0
What is the remainder when 2833 is divided by 149?
2
Calculate the remainder when 158 is divided by 3.
2
Calculate the remainder when 1511 is divided by 38.
29
Calculate the remainder when 1366 is divided by 24.
22
What is the remainder when 1011 is divided by 333?
12
Calculate the remainder when 495 is divided by 31.
30
What is the remainder when 1273 is divided by 58?
55
What is the remainder when 153 is divided by 44?
21
Calculate the remainder when 460 is divided by 39.
31
Calculate the remainder when 2648 is divided by 381.
362
What is the remainder when 249 is divided by 62?
1
What is the remainder when 121 is divided by 18?
13
What is the remainder when 3594 is divided by 90?
84
What is the remainder when 342 is divided by 126?
90
Calculate the remainder when 284 is divided by 16.
12
Calculate the remainder when 186 is divided by 68.
50
Calculate the remainder when 1028 is divided by 5.
3
What is the remainder when 23 is divided by 10?
3
Calculate the remainder when 83 is divided by 18.
11
What is the remainder when 358 is divided by 15?
13
Calculate the remainder when 156 is divided by 42.
30
What is the remainder when 34 is divided by 8?
2
Calculate the remainder when 1449 is divided by 26.
19
Calculate the remainder when 471 is divided by 24.
15
Calculate the remainder when 3343 is divided by 42.
25
Calculate the remainder when 187 is divided by 77.
33
Calculate the remainder when 1553 is divided by 228.
185
What is the remainder when 92 is divided by 20?
12
Calculate the remainder when 278 is divided by 42.
26
Calculate the remainder when 96 is divided by 28.
12
Calculate the remainder when 380 is divided by 35.
30
Calculate the remainder when 327 is divided by 11.
8
Calculate the remainder when 610 is divided by 12.
10
What is the remainder when 188 is divided by 4?
0
Calculate the remainder when 779 is divided by 23.
20
Calculate the remainder when 712 is divided by 16.
8
What is the remainder when 1204 is divided by 101?
93
What is the remainder when 202 is divided by 196?
6
What is the remainder when 10331 is divided by 14?
13
What is the remainder when 2712 is divided by 18?
12
Calculate the remainder when 6993 is divided by 22.
19
What is the remainder when 162 is divided by 46?
24
What is the remainder when 3386 is divided by 14?
12
Calculate the remainder when 1858 is divided by 60.
58
What is the remainder when 30634 is divided by 92?
90
Calculate the remainder when 771 is divided by 759.
12
Calculate the remainder when 7017 is divided by 242.
241
Calculate the remainder when 868 is divided by 58.
56
What is the remainder when 3901 is divided by 61?
58
What is the remainder when 261 is divided by 19?
14
Calculate the remainder when 102 is divided by 8.
6
Calculate the remainder when 773 is divided by 4.
1
Calculate the remainder when 865 is divided by 219.
208
Calculate the remainder when 253 is divided by 10.
3
What is the remainder when 1074 is divided by 13?
8
What is the remainder when 200 is divided by 12?
8
What is the remainder when 1684 is divided by 17?
1
Calculate the remainder when 15078 is divided by 17.
16
Calculate the remainder when 130 is divided by 26.
0
Calculate the remainder when 34 is divided by 21.
13
Calculate the remainder when 913 is divided by 61.
59
What is the remainder when 153 is divided by 42?
27
What is the remainder when 1023 is divided by 16?
15
What is the remainder when 687 is divided by 58?
49
What is the remainder when 210 is divided by 71?
68
What is the remainder when 60 is divided by 20?
0
Calculate the remainder when 2102 is divided by 111.
104
Calculate the remainder when 12271 is divided by 396.
391
Calculate the remainder when 32 is divided by 18.
14
Calculate the remainder when 104 is divided by 28.
20
Calculate the remainder when 211 is divided by 90.
31
What is the remainder when 101 is divided by 26?
23
What is the remainder when 1692 is divided by 842?
8
What is the remainder when 1158 is div